{"id":23,"date":"2015-03-28T17:18:30","date_gmt":"2015-03-28T16:18:30","guid":{"rendered":"http:\/\/127.0.0.1\/universiteahmedbaba.com\/?page_id=23"},"modified":"2016-02-29T18:12:00","modified_gmt":"2016-02-29T17:12:00","slug":"formations","status":"publish","type":"page","link":"https:\/\/www.universiteahmedbaba.com\/web\/formations\/","title":{"rendered":"Formations"},"content":{"rendered":"<p>L\u2019Universit\u00e9 Priv\u00e9e &#8211; Ahmed Baba comprend une cinq\u00a0d\u00e9partements, qui sont les suivants:<\/p>\n<p>Ecole des Mines et du P\u00e9trole :<\/p>\n<p>Prospection\/Exploitation mini\u00e8re<br \/>\nEconomie mini\u00e8re\/p\u00e9troli\u00e8re<br \/>\nM\u00e9tallurgie \/traitement du minerai<br \/>\nG\u00e9ophysique<br \/>\nExploitation et administration du minerais<\/p>\n<p>Ecole de journalisme et de communication :<\/p>\n<p>Communication pour le d\u00e9veloppement<br \/>\nCommunication Institutionnelle<br \/>\nCommunication Politique<br \/>\nJournaliste presse \u00e9crite<br \/>\nJournaliste radio<br \/>\nJournaliste web<\/p>\n<p>Institut des Sciences \u00c9conomiques et de Gestion:<\/p>\n<p>Gestion des Ressources Humaines<br \/>\nAudit comptable &amp; Contr\u00f4le de Gestion<br \/>\nBanque &amp; Assurance<br \/>\n\u00c9conomie &amp; Finance<br \/>\nCommerce International<br \/>\nMarketing et Communication (Mercatique)<br \/>\nEntrepreneuriat et Management<br \/>\nLogistique &amp; Transport<br \/>\nH\u00f4tellerie &amp; Tourisme<\/p>\n<p>Institut du G\u00e9nie Rural et de l\u2019Environnement:<\/p>\n<p>G\u00e9nie rural\/am\u00e9nagement hydro Agricole<br \/>\nG\u00e9nie sanitaire\/Environnement<br \/>\nInformatique Industrielle<\/p>\n<p>Institut des Sciences Juridiques et Politiques :<\/p>\n<p>Droit des Affaires<br \/>\nRelations Internationales<br \/>\nDroit priv\u00e9<br \/>\nSciences Politiques<\/p>\n<p>Centre de Formation continue, d\u2019\u00e9tudes et de recherche:<br \/>\nIl assure l\u2019ex\u00e9cution des programmes de formation continue en entreprise dans les domaines techniques et des langues. Il est charg\u00e9 d\u2019organiser les cours d\u2019informatique, de langues (anglais, chinois, espagnol, arabe, allemand), d\u2019\u00e9conomie et de gestion en ligne \u00e0 partir des universit\u00e9s d\u2019Afrique du Sud, du Nig\u00e9ria, des Etats Unis, du Canada et d\u2019Europe \u00e0 travers le R\u00e9seau de l\u2019Universit\u00e9 Virtuelle Africaine (UVA). Il assure \u00e9galement l\u2019organisation des programmes de consultation, d\u2019\u00e9tudes et de recherche appliqu\u00e9e.<\/p>\n","protected":false},"excerpt":{"rendered":"<p>L\u2019Universit\u00e9 Priv\u00e9e &#8211; Ahmed Baba comprend une cinq\u00a0d\u00e9partements, qui sont les suivants: Ecole des Mines et du P\u00e9trole : Prospection\/Exploitation mini\u00e8re Economie mini\u00e8re\/p\u00e9troli\u00e8re M\u00e9tallurgie \/traitement du minerai G\u00e9ophysique Exploitation et administration du minerais Ecole de journalisme et de communication :&#8230;<br \/><a class=\"read-more-button\" href=\"https:\/\/www.universiteahmedbaba.com\/web\/formations\/\">Read more<\/a><\/p>\n","protected":false},"author":4,"featured_media":0,"parent":0,"menu_order":0,"comment_status":"closed","ping_status":"closed","template":"","meta":{"_eb_attr":"","footnotes":""},"class_list":["post-23","page","type-page","status-publish","hentry"],"featured_image_src":null,"_links":{"self":[{"href":"https:\/\/www.universiteahmedbaba.com\/web\/wp-json\/wp\/v2\/pages\/23","targetHints":{"allow":["GET"]}}],"collection":[{"href":"https:\/\/www.universiteahmedbaba.com\/web\/wp-json\/wp\/v2\/pages"}],"about":[{"href":"https:\/\/www.universiteahmedbaba.com\/web\/wp-json\/wp\/v2\/types\/page"}],"author":[{"embeddable":true,"href":"https:\/\/www.universiteahmedbaba.com\/web\/wp-json\/wp\/v2\/users\/4"}],"replies":[{"embeddable":true,"href":"https:\/\/www.universiteahmedbaba.com\/web\/wp-json\/wp\/v2\/comments?post=23"}],"version-history":[{"count":3,"href":"https:\/\/www.universiteahmedbaba.com\/web\/wp-json\/wp\/v2\/pages\/23\/revisions"}],"predecessor-version":[{"id":381,"href":"https:\/\/www.universiteahmedbaba.com\/web\/wp-json\/wp\/v2\/pages\/23\/revisions\/381"}],"wp:attachment":[{"href":"https:\/\/www.universiteahmedbaba.com\/web\/wp-json\/wp\/v2\/media?parent=23"}],"curies":[{"name":"wp","href":"https:\/\/api.w.org\/{rel}","templated":true}]}}