{"id":31,"date":"2015-03-28T17:22:11","date_gmt":"2015-03-28T16:22:11","guid":{"rendered":"http:\/\/127.0.0.1\/universiteahmedbaba.com\/?page_id=31"},"modified":"2016-07-01T14:26:36","modified_gmt":"2016-07-01T13:26:36","slug":"institut-des-sciences-juridiques-et-politiques","status":"publish","type":"page","link":"https:\/\/www.universiteahmedbaba.com\/web\/formations\/institut-des-sciences-juridiques-et-politiques\/","title":{"rendered":"Institut des Sciences Juridiques et Politiques"},"content":{"rendered":"<p>Pour toutes les options, et pour les deux premi\u00e8res ann\u00e9es le syst\u00e8me de tronc commun est mis en place. La sp\u00e9cialisation couvre les Licence 3, Master I, Master II et comporte les options suivantes:<\/p>\n<p>Droit Public<\/p>\n<p>Droit Priv\u00e9<\/p>\n<p>Droit des Affaires<\/p>\n<p>Sciences Politiques<\/p>\n<p>Diplomatie et Relations Internationales<\/p>\n<p>Grades :<\/p>\n<p>Licence professionnelle (Bac+ 3)<\/p>\n<p>C\u2019est 180 Cr\u00e9dits, six semestres d\u2019\u00e9tudes, six mois de stages sur terrain et six examens avec une moyenne d\u2019admission de 10 points sur 20.<\/p>\n<p>LICENCE (L3) \u2013 OPTION : Droit Priv\u00e9<\/p>\n<p>LICENCE (L3) \u2013 OPTION : Droit Public<\/p>\n<p>MASTER (BAC + 5)<\/p>\n<p>C\u2019est 120 Cr\u00e9dits apr\u00e8s la licence, soit deux semestres d\u2019\u00e9tudes, six mois de stages sur terrain et 4 examens avec une moyenne d\u2019admission de 10 points sur 20.<\/p>\n<p>Apr\u00e8s la validation des deux premiers semestres l\u2019\u00e9tudiant peux demander et obtenir un dipl\u00f4me interm\u00e9diaire appel\u00e9 Master 1 ou ma\u00eetrise.<\/p>\n<p>MASTERS (M1) \u2013 Droit Priv\u00e9<\/p>\n<p>MASTERS (M1) \u2013 Droit Public<\/p>\n<p><a href=\"http:\/\/www.universiteahmedbaba.com\/web\/formations\/institut-des-sciences-juridiques-et-politiques\/master-droit-de-lhomme-droit-international-humainitaire\/\">MASTERS (M1) &#8211; Droit de l&#8217;Homme et Droit Humanitaire International<\/a><\/p>\n<p>MASTER II \u2013 Relations Internationales<\/p>\n<p>MASTER II \u2013 Droit des Affaires<\/p>\n<p>MASTER II &#8211; Sciences Politiques<\/p>\n","protected":false},"excerpt":{"rendered":"<p>Pour toutes les options, et pour les deux premi\u00e8res ann\u00e9es le syst\u00e8me de tronc commun est mis en place. La sp\u00e9cialisation couvre les Licence 3, Master I, Master II et comporte les options suivantes: Droit Public Droit Priv\u00e9 Droit des&#8230;<br \/><a class=\"read-more-button\" href=\"https:\/\/www.universiteahmedbaba.com\/web\/formations\/institut-des-sciences-juridiques-et-politiques\/\">Read more<\/a><\/p>\n","protected":false},"author":4,"featured_media":0,"parent":23,"menu_order":0,"comment_status":"closed","ping_status":"open","template":"","meta":{"_eb_attr":"","footnotes":""},"class_list":["post-31","page","type-page","status-publish","hentry"],"featured_image_src":null,"_links":{"self":[{"href":"https:\/\/www.universiteahmedbaba.com\/web\/wp-json\/wp\/v2\/pages\/31","targetHints":{"allow":["GET"]}}],"collection":[{"href":"https:\/\/www.universiteahmedbaba.com\/web\/wp-json\/wp\/v2\/pages"}],"about":[{"href":"https:\/\/www.universiteahmedbaba.com\/web\/wp-json\/wp\/v2\/types\/page"}],"author":[{"embeddable":true,"href":"https:\/\/www.universiteahmedbaba.com\/web\/wp-json\/wp\/v2\/users\/4"}],"replies":[{"embeddable":true,"href":"https:\/\/www.universiteahmedbaba.com\/web\/wp-json\/wp\/v2\/comments?post=31"}],"version-history":[{"count":4,"href":"https:\/\/www.universiteahmedbaba.com\/web\/wp-json\/wp\/v2\/pages\/31\/revisions"}],"predecessor-version":[{"id":591,"href":"https:\/\/www.universiteahmedbaba.com\/web\/wp-json\/wp\/v2\/pages\/31\/revisions\/591"}],"up":[{"embeddable":true,"href":"https:\/\/www.universiteahmedbaba.com\/web\/wp-json\/wp\/v2\/pages\/23"}],"wp:attachment":[{"href":"https:\/\/www.universiteahmedbaba.com\/web\/wp-json\/wp\/v2\/media?parent=31"}],"curies":[{"name":"wp","href":"https:\/\/api.w.org\/{rel}","templated":true}]}}