{"id":566,"date":"2016-05-24T19:46:29","date_gmt":"2016-05-24T18:46:29","guid":{"rendered":"http:\/\/www.universiteahmedbaba.com\/web\/?page_id=566"},"modified":"2016-05-24T20:14:38","modified_gmt":"2016-05-24T19:14:38","slug":"master-droit-de-lhomme-droit-international-humainitaire","status":"publish","type":"page","link":"https:\/\/www.universiteahmedbaba.com\/web\/formations\/institut-des-sciences-juridiques-et-politiques\/master-droit-de-lhomme-droit-international-humainitaire\/","title":{"rendered":"Master en Droit de l&#8217;Homme et du Droit International Humainitaire"},"content":{"rendered":"<h2>OBJECTIFS<\/h2>\n<p>Mieux outiller les hommes et les femmes en chargent de la protection et de la promotion des droits de l\u2019homme d\u2019une part et d\u2019autre part des agents intervenants dans le domaine de l\u2019action humanitaire international avec une ma\u00eetrise de l&#8217;anglais juridique indispensable.<\/p>\n<h2>PR\u00c9SENTATION DU DIPL\u00d4ME<\/h2>\n<p>La constitution du Mali consacre dans son pr\u00e9ambule son adh\u00e9sion \u00e0 la D\u00e9claration Universelle des Droits de l\u2019Homme du 10 d\u00e9cembre 1948. Depuis, beaucoup d\u2019efforts ont \u00e9t\u00e9 engag\u00e9s par les autorit\u00e9s pour soutenir cette dynamique.<\/p>\n<p>Cependant, les \u00e9v\u00e9nements politico-s\u00e9curitaires que le pays a connus en 2012 sont \u00e0 l\u2019origine de l\u2019av\u00e8nement d\u2019une prise de conscience d\u2019un d\u00e9ficit pr\u00e9occupant des comp\u00e9tences en mati\u00e8re de Droit International Humanitaire au Mali. Les nombreuses exactions av\u00e9r\u00e9es tout au long de la crise mettent en relief le besoin crucial d\u2019une formation \u00e0 la fois des citoyens et des d\u00e9cideurs de notre pays dans le domaine des droits humains en g\u00e9n\u00e9ral et du droit International humanitaire.<\/p>\n<p>Certes, face \u00e0 l\u2019urgence, des efforts de formation ont \u00e9t\u00e9 d\u00e9ploy\u00e9s par les partenaires ext\u00e9rieurs pour aider les Maliens \u00e0 cerner les grandes pr\u00e9occupations ayant trait \u00e0 la n\u00e9cessit\u00e9 de respecter des droits humains essentiels. Il s\u2019av\u00e8re cependant indispensable de syst\u00e9matiser les formations de courte dur\u00e9e dans la perspective d\u2019une g\u00e9n\u00e9ralisation de la ma\u00eetrise de la probl\u00e9matique relative \u00e0 une culture des droits fondamentaux de l\u2019homme.<\/p>\n<p>C\u2019est pourquoi, la cr\u00e9ation de ce parcours parait imp\u00e9rative pour combler le grave d\u00e9ficit constat\u00e9 plus haut.<\/p>\n<p>Le master professionnel que nous proposons doit accompagner une formation \u00e0 l\u2019action juridique en mati\u00e8re de droits de l\u2019homme au moyen d\u2019enseignements portant sur les juridictions internationales sp\u00e9cialis\u00e9es (La Cour de justice de la CEDEAO \/ Communaut\u00e9 \u00c9conomique des \u00c9tats de l\u2019Afrique de l\u2019ouest, les cours p\u00e9nales internationales\u2026) le droit des proc\u00e9dures devant ces juridictions, de l\u2019instruction, de la d\u00e9ontologie et du respect du contradictoire, etc. En outre, nos enseignements prennent en compte le droit en temps de conflit arm\u00e9, l\u2019action humanitaire, le droit des r\u00e9fugi\u00e9s et surtout des actions d\u2019urgence et de sauvetage.<\/p>\n<h2>COMP\u00c9TENCES A ACQU\u00c9RIR<\/h2>\n<p>La sp\u00e9cialit\u00e9 vise \u00e0 former et \u00e0 renforcer les comp\u00e9tences des juristes sp\u00e9cialis\u00e9s dans les questions relatives aux droits de l\u2019homme et au droit international humanitaire. Ces professionnels doivent \u00eatre capables, \u00e0 l\u2019issue de la formation, de g\u00e9rer des situations concr\u00e8tes. Les enseignements de la sp\u00e9cialit\u00e9 sont d\u2019autant plus n\u00e9cessaires que le personnel des organisations internationales et des organisations non gouvernementales ainsi que les professions judiciaires (officiers de police judiciaire, officiers de maintien d\u2019ordre et d\u2019imposition d\u2019ordre, magistrats et avocats) sont de plus en plus confront\u00e9s aux questions relatives aux droits de l\u2019homme et au droit humanitaire dans un domaine o\u00f9 le degr\u00e9 d\u2019interp\u00e9n\u00e9tration du droit interne et du droit international est toujours plus important.<\/p>\n<h2>CONDITION D\u2019ACC\u00c8S<\/h2>\n<p>Ce programme est principalement ouvert aux titulaires d\u2019une ma\u00eetrise ou d\u2019un master I en droit. Aussi, peuvent faire acte de candidature les juristes justifiant des acquis li\u00e9s \u00e0 l\u2019exp\u00e9rience professionnelle.<\/p>\n<p>Cette formation est \u00e9galement ouverte aux professionnels de l\u2019action l&#8217;humanitaire (organisations non gouvernementales, organisations internationales, institutions gouvernementales), aux officiers (police, gendarmerie, garde) aux magistrats, aux avocats d\u00e9sireux d&#8217;acqu\u00e9rir une formation pointue dans le domaine du droit de l\u2019homme et du droit international humanitaire.<\/p>\n<h2>PARTENARIAT<\/h2>\n<p>Ce programme est initi\u00e9 en partenariat avec la Commission Nationale des Droits de l\u2019Homme du Mali et entretient des relations privil\u00e9gi\u00e9es avec les organisations internationales (UNICEF, Comit\u00e9 International de la Croix Rouge, etc.), les minist\u00e8res (Minist\u00e8re de la justice, Minist\u00e8re des Affaires \u00c9trang\u00e8res et de la Coop\u00e9ration Internationale, Minist\u00e8re de la D\u00e9fense\u2026) et le Barreau malien.<\/p>\n<p>Ce partenariat s\u2019\u00e9tendra aux institutions internationale que sont : la Cour de Justice de la CEDEAO, le TPI (Tribunal P\u00e9nal International, l\u2019Institut des droits de l\u2019homme de Strasbourg, et de l\u2019Institut Danois des Droits de l\u2019Homme, etc.<\/p>\n<p>Ces relations se traduisent dans le cadre de la formation par des interventions ou des stages.<\/p>\n<p>Les partenariats avec les milieux professionnels permettent, d\u2019une part, de s\u2019assurer que la formation correspond toujours aux attentes des professionnels et, d\u2019autre part, de faciliter l\u2019insertion des \u00e9tudiants dans le monde du travail.<\/p>\n<h2>CONTENU DE LA FORMATION<\/h2>\n<p>&#8211; Les enseignements seront dispens\u00e9s suivant le syst\u00e8me LMD, donc sur deux semestres pour les titulaires d\u2019une ma\u00eetrise ou d\u2019un master I. Les cours dispens\u00e9s sont d\u2019ordre th\u00e9orique (cours magistraux) et d\u2019ordre pratique (s\u00e9minaires sous forme de travaux pratiques et de travaux dirig\u00e9s). Il s\u2019agit de permettre aux \u00e9tudiants non seulement de d\u00e9velopper leurs capacit\u00e9s de conceptualisation mais aussi et surtout d\u2019acqu\u00e9rir des connaissances pratiques.<\/p>\n<p>&#8211; La ma\u00eetrise de l\u2019anglais est indispensable. Pour cette raison un cours intensif d\u2019anglais est propos\u00e9 \u00e0 l\u2019attention des candidats n\u2019\u00e9tant pas familiers \u00e0 l\u2019anglais.<\/p>\n<p>&#8211; Les connaissances acquises par les \u00e9tudiants au cours de la formation sont contr\u00f4l\u00e9es et font l\u2019objet d\u2019une \u00e9valuation et sanctionn\u00e9e par une note dans chaque cours ou s\u00e9minaire.<\/p>\n<p>&#8211; La formation est assortie d\u2019un un stage d\u2019un \u00e0 deux mois conclu par un rapport qui comprend une partie th\u00e9orique donnant lieu \u00e0 une soutenance d\u2019un m\u00e9moire sous la supervision d\u2019un encadreur.<\/p>\n<p>La formation portera sur les th\u00e8mes suivants :<\/p>\n<p>&#8211; Histoire et th\u00e9ories des droits de l\u2019homme<\/p>\n<p>&#8211; \u00c9tudes compar\u00e9es des syst\u00e8mes de garantie des droits de l\u2019homme (Afrique\/Europe)<\/p>\n<p>&#8211; Proc\u00e9dure p\u00e9nale et protection des droits de l\u2019homme<\/p>\n<p>&#8211; Droit p\u00e9nal international et les juridictions p\u00e9nales internationales<\/p>\n<p>&#8211; Organisation de la d\u00e9fense des droits de l\u2019homme<\/p>\n<p>&#8211; Droit international humanitaire<\/p>\n<p>&#8211; Protection internationale des droits de l\u2019homme<\/p>\n<p>&#8211; Anglais juridique<\/p>\n<p>&#8211; M\u00e9thodologie de recherche<\/p>\n<p>&#8211; Stage pratique<\/p>\n<p>Cette formation sera compl\u00e9t\u00e9e par une s\u00e9rie de conf\u00e9rences th\u00e9matiques :<\/p>\n<p>&#8211; Actions des ONG et des acteurs non-\u00e9tatiques<\/p>\n<p>&#8211; Diplomatie et droit de l\u2019homme<\/p>\n<p>&#8211; Droit des conflits arm\u00e9s<\/p>\n<p>&#8211; Protection des r\u00e9fugi\u00e9s et des apatrides<\/p>\n<p>&#8211; Les m\u00e9canismes de protection des droits de l\u2019homme au Mali<\/p>\n","protected":false},"excerpt":{"rendered":"<p>OBJECTIFS Mieux outiller les hommes et les femmes en chargent de la protection et de la promotion des droits de l\u2019homme d\u2019une part et d\u2019autre part des agents intervenants dans le domaine de l\u2019action humanitaire international avec une ma\u00eetrise de&#8230;<br \/><a class=\"read-more-button\" href=\"https:\/\/www.universiteahmedbaba.com\/web\/formations\/institut-des-sciences-juridiques-et-politiques\/master-droit-de-lhomme-droit-international-humainitaire\/\">Read more<\/a><\/p>\n","protected":false},"author":4,"featured_media":0,"parent":31,"menu_order":0,"comment_status":"closed","ping_status":"closed","template":"","meta":{"_eb_attr":"","footnotes":""},"class_list":["post-566","page","type-page","status-publish","hentry"],"featured_image_src":null,"_links":{"self":[{"href":"https:\/\/www.universiteahmedbaba.com\/web\/wp-json\/wp\/v2\/pages\/566","targetHints":{"allow":["GET"]}}],"collection":[{"href":"https:\/\/www.universiteahmedbaba.com\/web\/wp-json\/wp\/v2\/pages"}],"about":[{"href":"https:\/\/www.universiteahmedbaba.com\/web\/wp-json\/wp\/v2\/types\/page"}],"author":[{"embeddable":true,"href":"https:\/\/www.universiteahmedbaba.com\/web\/wp-json\/wp\/v2\/users\/4"}],"replies":[{"embeddable":true,"href":"https:\/\/www.universiteahmedbaba.com\/web\/wp-json\/wp\/v2\/comments?post=566"}],"version-history":[{"count":4,"href":"https:\/\/www.universiteahmedbaba.com\/web\/wp-json\/wp\/v2\/pages\/566\/revisions"}],"predecessor-version":[{"id":570,"href":"https:\/\/www.universiteahmedbaba.com\/web\/wp-json\/wp\/v2\/pages\/566\/revisions\/570"}],"up":[{"embeddable":true,"href":"https:\/\/www.universiteahmedbaba.com\/web\/wp-json\/wp\/v2\/pages\/31"}],"wp:attachment":[{"href":"https:\/\/www.universiteahmedbaba.com\/web\/wp-json\/wp\/v2\/media?parent=566"}],"curies":[{"name":"wp","href":"https:\/\/api.w.org\/{rel}","templated":true}]}}