{"id":689,"date":"2016-09-07T15:58:04","date_gmt":"2016-09-07T14:58:04","guid":{"rendered":"http:\/\/www.universiteahmedbaba.com\/web\/?page_id=689"},"modified":"2016-09-26T18:19:29","modified_gmt":"2016-09-26T17:19:29","slug":"recteur","status":"publish","type":"page","link":"https:\/\/www.universiteahmedbaba.com\/web\/accueil\/recteur\/","title":{"rendered":"Recteur"},"content":{"rendered":"<p><a href=\"http:\/\/www.universiteahmedbaba.com\/web\/wp-content\/uploads\/2016\/09\/Famagan-Oule.jpg\"><img fetchpriority=\"high\" decoding=\"async\" class=\"wp-image-699 size-medium alignleft\" src=\"http:\/\/www.universiteahmedbaba.com\/web\/wp-content\/uploads\/2016\/09\/Famagan-Oule-230x300.jpg\" alt=\"Pr. Famagan Oule KONATE\" width=\"230\" height=\"300\" \/><\/a>Monsieur Famagan Oul\u00e9 KONATE, Professeur titulaire en g\u00e9ographie humaine, est le recteur de l\u2019Universit\u00e9 Priv\u00e9e Ahmed Baba depuis Aout 2016.<\/p>\n<p>Il a occup\u00e9 les postes d\u2019ancien chef DER de G\u00e9ographie, Directeur adjoint du Centre d\u2019Enseignement Sup\u00e9rieur de Bamako, ancien vice-doyen de la Facult\u00e9 d\u2019Histoire et de G\u00e9ographie puis Doyen de la m\u00eame Facult\u00e9 et enfin ancien Directeur de l\u2019Institut Universitaire de Gestion (IUG).<\/p>\n<p>Le Professeur Famagan Oul\u00e9 KONATE a publi\u00e9 une trentaine d\u2019articles en environnement et en d\u00e9mographie. Il est auteur et co-auteur de plusieurs ouvrages sur les questions de population au Mali.<\/p>\n<p>Il est \u00e9galement Chevalier de l&#8217;Ordre International des Palmes Acad\u00e9miques du CAMES.<\/p>\n","protected":false},"excerpt":{"rendered":"<p>Monsieur Famagan Oul\u00e9 KONATE, Professeur titulaire en g\u00e9ographie humaine, est le recteur de l\u2019Universit\u00e9 Priv\u00e9e Ahmed Baba depuis Aout 2016. Il a occup\u00e9 les postes d\u2019ancien chef DER de G\u00e9ographie, Directeur adjoint du Centre d\u2019Enseignement Sup\u00e9rieur de Bamako, ancien vice-doyen&#8230;<br \/><a class=\"read-more-button\" href=\"https:\/\/www.universiteahmedbaba.com\/web\/accueil\/recteur\/\">Read more<\/a><\/p>\n","protected":false},"author":4,"featured_media":0,"parent":83,"menu_order":0,"comment_status":"closed","ping_status":"closed","template":"","meta":{"_eb_attr":"","footnotes":""},"class_list":["post-689","page","type-page","status-publish","hentry"],"featured_image_src":null,"_links":{"self":[{"href":"https:\/\/www.universiteahmedbaba.com\/web\/wp-json\/wp\/v2\/pages\/689","targetHints":{"allow":["GET"]}}],"collection":[{"href":"https:\/\/www.universiteahmedbaba.com\/web\/wp-json\/wp\/v2\/pages"}],"about":[{"href":"https:\/\/www.universiteahmedbaba.com\/web\/wp-json\/wp\/v2\/types\/page"}],"author":[{"embeddable":true,"href":"https:\/\/www.universiteahmedbaba.com\/web\/wp-json\/wp\/v2\/users\/4"}],"replies":[{"embeddable":true,"href":"https:\/\/www.universiteahmedbaba.com\/web\/wp-json\/wp\/v2\/comments?post=689"}],"version-history":[{"count":6,"href":"https:\/\/www.universiteahmedbaba.com\/web\/wp-json\/wp\/v2\/pages\/689\/revisions"}],"predecessor-version":[{"id":701,"href":"https:\/\/www.universiteahmedbaba.com\/web\/wp-json\/wp\/v2\/pages\/689\/revisions\/701"}],"up":[{"embeddable":true,"href":"https:\/\/www.universiteahmedbaba.com\/web\/wp-json\/wp\/v2\/pages\/83"}],"wp:attachment":[{"href":"https:\/\/www.universiteahmedbaba.com\/web\/wp-json\/wp\/v2\/media?parent=689"}],"curies":[{"name":"wp","href":"https:\/\/api.w.org\/{rel}","templated":true}]}}